93 and 53033?
293
What is the highest common factor of 45458 and 6664?
238
Calculate the highest common factor of 5592 and 528.
24
Calculate the greatest common divisor of 45595 and 913.
11
Calculate the greatest common factor of 18596 and 64.
4
What is the highest common divisor of 2416552 and 24?
8
What is the greatest common factor of 408 and 15198?
102
What is the greatest common factor of 6960 and 23055?
435
Calculate the highest common divisor of 61287 and 372.
93
What is the greatest common divisor of 1636 and 372?
4
Calculate the highest common divisor of 33 and 110847.
33
What is the greatest common factor of 698675 and 50?
25
Calculate the greatest common divisor of 13005 and 225.
45
What is the highest common divisor of 25324 and 52?
52
What is the greatest common divisor of 1312 and 4192?
32
Calculate the highest common factor of 318 and 1765324.
106
What is the highest common divisor of 475120 and 104?
8
What is the greatest common factor of 125558 and 6?
2
What is the greatest common factor of 259003 and 23?
23
Calculate the highest common divisor of 387942 and 3735.
249
What is the greatest common divisor of 616 and 189112?
616
What is the highest common divisor of 81 and 326187?
81
What is the highest common divisor of 112 and 24066?
14
Calculate the greatest common divisor of 10370 and 67082.
34
Calculate the highest common factor of 53 and 236221.
53
Calculate the greatest common factor of 14 and 128065.
7
What is the highest common divisor of 10463 and 3?
1
What is the greatest common divisor of 234795 and 165?
165
Calculate the highest common factor of 528 and 14553.
33
What is the greatest common divisor of 106 and 275971?
53
Calculate the highest common divisor of 19030 and 1738.
22
Calculate the greatest common divisor of 29694 and 5880.
294
Calculate the greatest common divisor of 27818 and 14.
14
Calculate the highest common factor of 316 and 204.
4
Calculate the highest common divisor of 120 and 450.
30
Calculate the greatest common divisor of 38525 and 253.
23
Calculate the highest common factor of 7005606 and 610.
122
Calculate the greatest common divisor of 704 and 2000.
16
What is the highest common factor of 28810 and 430?
430
What is the highest common divisor of 84 and 3950814?
42
What is the greatest common divisor of 680 and 13770?
170
What is the highest common divisor of 288 and 401832?
72
What is the greatest common divisor of 16256 and 1143?
127
What is the highest common factor of 393 and 4737?
3
What is the greatest common divisor of 22232 and 392?
56
What is the greatest common factor of 4543 and 693?
77
What is the highest common factor of 19 and 480890?
19
What is the greatest common divisor of 11830 and 195?
65
Calculate the greatest common divisor of 229 and 47.
1
What is the highest common divisor of 5340 and 405?
15
What is the greatest common factor of 282 and 190632?
282
Calculate the greatest common divisor of 32 and 102224.
16
Calculate the highest common divisor of 5200 and 20072.
104
What is the greatest common factor of 90 and 85878?
18
What is the highest common factor of 17901 and 2210?
221
What is the highest common factor of 339797 and 103?
103
What is the greatest common divisor of 57 and 1062309?
57
What is the highest common divisor of 78 and 32162?
26
Calculate the greatest common divisor of 1050 and 339570.
210
What is the highest common divisor of 36 and 1901886?
6
What is the greatest common divisor of 1440 and 43020?
180
What is the greatest common factor of 76302 and 6?
6
What is the highest common factor of 5919658 and 634?
634
Calculate the greatest common factor of 90 and 47715.
15
What is the highest common divisor of 150336 and 28?
4
Calculate the greatest common factor of 1121 and 383972.
59
What is the highest common factor of 450 and 130?
10
Calculate the greatest common divisor of 12194 and 970294.
1742
Calculate the highest common factor of 462 and 5698.
154
What is the greatest common divisor of 119274 and 26055?
579
Calculate the greatest common divisor of 15516 and 294.
6
Calculate the greatest common divisor of 412 and 1116.
4
Calculate the greatest common divisor of 11660 and 4.
4
What is the greatest common factor of 3264 and 528?
48
What is the highest common factor of 252048 and 1062?
354
What is the greatest common divisor of 6942 and 104?
26
What is the greatest common divisor of 47080 and 15576?
88
What is the highest common divisor of 541895 and 15?
5
What is the greatest common divisor of 372 and 902379?
93
Calculate the highest common divisor of 48 and 946008.
24
Calculate the highest common divisor of 189621 and 2592.
81
What is the highest common factor of 99 and 1282545?
99
What is the highest common divisor of 387661 and 2889?
107
What is the greatest common divisor of 2506 and 4102?
14
What is the highest common factor of 1231750 and 500?
250
Calculate the highest common divisor of 2610 and 3060.
90
Calculate the highest common factor of 36650 and 40.
10
What is the greatest common divisor of 319185 and 3321?
369
What is the greatest common divisor of 208247 and 13?
13
What is the highest common factor of 231 and 84282?
33
Calculate the highest common factor of 160 and 68440.
40
Calculate the highest common divisor of 76178 and 738.
82
Calculate the greatest common factor of 1665 and 9472.
37
What is the highest common factor of 99 and 10219?
11
Calculate the greatest common divisor of 60907 and 303292.
1243
Calculate the greatest common factor of 319 and 6931.
29
What is the highest common divisor of 1953 and 576352?
217
What is the highest common divisor of 9360 and 5880?
120
What is the greatest common divisor of 1130 and 249278?
226
Calculate the greatest common divisor of 48 and 837264.
48
What is the highest common factor of 1444 and 57?
19
Calculate the highest common factor of 1427223 and 73.
73
Calculate the highest common divisor of 1897 and 994.
7
What is the highest common divisor of 107569 and 12446?
889
Calculate the highest common divisor of 714704 and 304.
304
What is the highest common divisor of 470 and 2080?
10
What is the greatest common divisor of 6219 and 86375?
691
What is the greatest common divisor of 4592 and 134029?
287
What is the highest common divisor of 670 and 13534?
134
Calculate the highest common divisor of 90 and 22060.
10
What is the highest common divisor of 1266 and 123224?
422
Calculate the greatest common factor of 35 and 57030.
5
Calculate the highest common divisor of 213 and 5496.
3
Calculate the highest common divisor of 184 and 8728.
8
What is the highest common divisor of 73027 and 103?
103
What is the greatest common factor of 20 and 124820?
20
What is the highest common factor of 569548 and 28?
28
Calculate the highest common divisor of 9825 and 10087.
131
Calculate the highest common divisor of 170 and 2191810.
170
Calculate the greatest common factor of 1705 and 263252.
341
Calculate the greatest common factor of 17361 and 3834.
27
Calculate the highest common divisor of 105 and 42825.
15
What is the greatest common factor of 287820 and 8118?
738
What is the highest common divisor of 34 and 5555175?
17
What is the highest common divisor of 13425 and 675?
75
What is the highest common factor of 280126 and 854?
14
Calculate the greatest common divisor of 5725 and 3625.
25
What is the highest common divisor of 165542 and 26?
26
What is the greatest common factor of 353206 and 112?
14
What is the greatest common factor of 21016 and 5328?
296
Calculate the greatest common divisor of 1034 and 2134.
22
What is the greatest common divisor of 206 and 1831031?
103
What is the greatest common factor of 748 and 14564?
44
Calculate the greatest common divisor of 364199 and 9831.
113
Calculate the highest common factor of 6619933 and 709.
709
What is the highest common divisor of 2864676 and 12?
12
Calculate the greatest common divisor of 22566 and 42.
6
What is the highest common factor of 61 and 234911?
61
Calculate the highest common divisor of 180 and 1035.
45
Calculate the highest common factor of 956 and 1532.
4
What is the highest common divisor of 6039 and 81?
9
What is the greatest common divisor of 29117 and 407?
11
What is the greatest common factor of 64 and 63776?
32
What is the greatest common